n(k). Let a(v) = v**2 + 10*v - 3. Let s be a(-11). Calculate the highest common divisor of s and f.
8
Let p = 191 + -163. Suppose -7*b = -9 - 89. Calculate the highest common divisor of b and p.
14
Let p = 23580 + -23510. What is the highest common factor of 6146 and p?
14
Let q(g) = 1121*g - 6318. Let z be q(6). Calculate the highest common factor of 153 and z.
51
Let c(o) = 5*o + 95. Let k be c(-22). Let l be (-452)/k + (-8)/60. What is the highest common factor of 4 and l?
2
Let z = 73 + -67. Suppose 3*j - 459 = -z*j. What is the highest common divisor of j and 17?
17
Let o(y) = 6*y**2 + 77*y + 121. Let z be o(-20). What is the greatest common factor of z and 3379?
109
Suppose -49091*a = -49098*a + 9380. Calculate the highest common factor of 180 and a.
20
Suppose 63 = -5*q + 273. Suppose 0 = 4*j + l - 109, -93*j + 4*l - 100 = -97*j. What is the highest common divisor of j and q?
14
Suppose -4*l = -3 - 9, 0 = 3*v - l + 33. Let h = v - -12. Let m = 25 + h. Calculate the highest common factor of 27 and m.
27
Let u be 2/(-27) + 940840/5805. What is the highest common factor of 4779 and u?
81
Let a(j) = 103*j - 5. Let l be a(4). Let v be (-2)/(-30) - (-9)/((-405)/(-1662)). Calculate the greatest common factor of l and v.
37
Let o(b) = -b**3 - 58*b**2 - b + 78. Let m be o(-58). Suppose -3*z - 6*f = -f - 19, -5*z = -4*f - 44. What is the greatest common factor of m and z?
8
Suppose -47 + 27 = 5*o. Let l be ((-35)/7 - o)*-630. What is the highest common factor of 70 and l?
70
Let u(v) = 2*v**3 + 31*v**2 + 18*v + 54. Let h be u(-15). Calculate the greatest common factor of 15 and h.
3
Suppose 33*g - 3*i - 84 = 29*g, 4*g - 84 = i. What is the greatest common factor of 6048 and g?
21
Suppose 7*u - 630 = -u - 34*u. Let g(m) = m**2 - 2*m - 3. Let t be g(4). Suppose -4*x + t*x = 105. What is the greatest common factor of x and u?
15
Let h = 217 - 219. Let o be (-2 - 5/h)/(1/30). Calculate the highest common factor of o and 160.
5
Suppose -40*j - 61*j = -123220. Calculate the highest common factor of 620 and j.
20
Let f be (84/(-20))/(1*(-1)/30). Let j be (f/147)/((-1)/7). Let i be 603/45 + j/(-10). Calculate the greatest common factor of i and 42.
14
Suppose 49 = 13*u - 94. Let i(q) = -2*q + u*q**3 - 1131 + q**3 + 1133. Let z be i(1). What is the greatest common divisor of z and 96?
12
Let c(g) = -g**3 - 4*g**2 - 7*g. Let n be c(-2). Let q be -18*(-49)/14 + n. What is the greatest common factor of 552 and q?
69
Let i = 16298 - 11316. Calculate the highest common factor of i and 424.
106
Suppose 21 = p - 4*m, 6 = 4*p - m - 63. Suppose -k = o - p, -8 = 2*k - 2*o - 30. Calculate the greatest common divisor of k and 266.
14
Suppose -5*o + 0 = -55. Let q = 140 + -123. Suppose -71 - q = -l. What is the highest common factor of o and l?
11
Let r = -49533 + 49583. Let c = 19 - 9. Calculate the highest common divisor of c and r.
10
Let p be (-30)/(-225) + 5966/30. Let h = p + -181. What is the greatest common factor of 24 and h?
6
Let y = 5104 - 4679. Calculate the highest common factor of y and 4080.
85
Let z be 5 + 2/(12/(-30)). Let b be 124 - (-1 - (z + (-1 - -2))). What is the greatest common divisor of b and 18?
18
Let v = -29 - -49. Let i be (-418665)/(-2535) - ((-11)/13 + 1). Let x be 12/(-10) - (-1518)/i. What is the greatest common factor of x and v?
4
Let i(p) = 4 + 3*p + 11 - 2*p - 5*p**2 + p**3. Suppose c = -5*t + 27, 26*c = 31*c + 5*t - 55. Let k be i(c). What is the highest common factor of 15 and k?
15
Let u = -3 + 35. Let o = 119 - 122. Let m be (30/5)/(o/(-24)). Calculate the greatest common divisor of u and m.
16
Suppose 482*x - 6100 = -316. What is the highest common divisor of 1560 and x?
12
Let c = 42 - 41. Suppose -14*a + 4 = -13*a, -4*a = -2*h + 10. Calculate the highest common divisor of c and h.
1
Let m(k) = -25*k - 5. Let x(h) = 9*h**2 - 26*h - 6. Let z be x(3). Let f be m(z). What is the highest common factor of 30 and f?
10
Let l = 54570 + -54502. Suppose -4*r - s = -540, s = -0*r + r - 140. What is the greatest common factor of r and l?
68
Suppose 37*t = -377 + 7. Let u be (56/35)/(16/t - -2). What is the greatest common factor of 108 and u?
4
Let b(o) = -29*o + 2*o**2 + 64*o - 25*o - 27*o + 53. Let u be b(8). What is the greatest common divisor of u and 81?
9
Let q be (-2 - -5)/((-36)/(-48)). Let n be (-1)/(148/(-36) + q). What is the highest common factor of 153 and n?
9
Let g(d) = -4*d + 48. Let a be g(9). What is the highest common factor of a and 1392?
12
Let w(f) = 3358*f**2 + 5*f + 7. Let s be w(-1). Suppose 389*l + s = 394*l. Calculate the greatest common divisor of 21 and l.
21
Let s = -64 + 68. Let o be ((-6)/s)/(18/(-1056)). Suppose 5*l = -5*a + 55, -a - 3 = -l + 2. What is the highest common factor of l and o?
8
Let g = -14 - -19. Let v(b) = -2*b + 12. Let m be v(g). Suppose m*q + j + 4*j - 103 = 0, -214 = -5*q + 2*j. Calculate the highest common divisor of 4 and q.
4
Let i(d) = 118*d - 140. Let l be i(18). What is the highest common factor of l and 256?
64
Suppose -7*q - 13*q + 6*q = -1148. Calculate the highest common factor of q and 287.
41
Suppose 3*k + 165 = 5*y, -4*k - 4 = -y + 46. Let b = 69 - 39. What is the greatest common factor of y and b?
30
Suppose -3*i - 9*a = -10*a - 64, 88 = 5*i + 3*a. Let v be (10 - 0)/2 + (i - -67). Calculate the greatest common divisor of v and 69.
23
Let i be (2 - (-2 - 88))*(-1276)/(-88). Let y be (i/(-5))/(22/(-55)). Calculate the greatest common factor of y and 29.
29
Suppose -69 = -3*r + 5*c, -3*r + 4*c = 9 - 78. Let z = 115 - r. What is the highest common factor of z and 207?
23
Let x(z) = 320*z - 10160. Let f be x(39). What is the greatest common divisor of f and 112?
16
Let t = -62 - -69. Suppose -t*x - 325 = -3*q - 3*x, 5*q - 565 = -5*x. Suppose -z - 2*z = -q. Calculate the greatest common divisor of 296 and z.
37
Let x be (12/(-14))/((-85399)/8533 + 10). Calculate the highest common factor of 4 and x.
2
Let g(f) = 4070*f - 3160. Let p be g(5). What is the highest common factor of p and 90?
90
Let c = -37 - 256. Let l = -117 - c. What is the greatest common divisor of 11 and l?
11
Suppose 5*k - 1907 = -9*c + 2*c, -4*k + 4*c = -1564. Calculate the greatest common factor of 43 and k.
43
Let b(u) = 2*u**3 - 68*u**2 - 186*u + 50. Let y be b(43). What is the greatest common factor of 106 and y?
106
Let a(o) = -2*o**2 + 20*o - 37. Let u be a(7). Suppose -u*y = -4*y - 10. What is the highest common factor of 25 and y?
5
Let q = -149 - -289. Suppose n + 2*a - 104 = -n, -a = -3*n + q. Calculate the highest common divisor of 264 and n.
24
Suppose 14900 = -460*a + 485*a. Calculate the highest common divisor of a and 4.
4
Suppose -41 = 16*n + 39. Let w(i) = 6*i**2 - 12*i - 21. Let v be w(n). Calculate the greatest common divisor of v and 14.
7
Suppose 5*r + 517 + 63 = 0. Let o be r/(-6) + (-4)/(-6). Suppose -4*z = -4*h + 12, -1852*z + 1853*z - 7 = -h. Calculate the greatest common factor of h and o.
5
Let s(k) = -k**3 + 12*k**2 - 15*k - 10. Let t be s(9). Let o = -48 + t. Calculate the highest common factor of 20 and o.
10
Let k = 65 + -102. Let m = k - -161. Let p = 64 + -33. What is the greatest common factor of m and p?
31
Let u = 1759 + -1704. Let w(j) = 3*j. Let m be w(11). Calculate the greatest common divisor of u and m.
11
Suppose 92130 - 300105 = -59*f. What is the greatest common factor of f and 150?
75
Suppose 4392 - 1024 = 5*v + 2*o, 2*o = 3*v - 2072. Let k = 3 - -7. Calculate the greatest common divisor of v and k.
10
Suppose 0 = 4*v - 2*f - 1730, -4*v = 4*f - 1693 - 55. What is the highest common divisor of v and 854?
14
Let n be (-12)/(-9)*3/2. Let j be ((-14)/1)/(n/(-3)). Let q be 252/7*2100/400. Calculate the greatest common divisor of j and q.
21
Let k = 106637 + -106622. Suppose 0 = 5*d + 5*a - 2040, 3*d - 1071 = a + 141. Calculate the greatest common factor of d and k.
15
Let y(r) = 68*r + 1544. Let g be y(-22). What is the highest common factor of 632 and g?
8
Suppose -10 = -7*x + 18. Let u be 99/(x + -3 + 0). What is the greatest common factor of u and 165?
33
Let x be 5/((-10)/6) - -112. Let c be 5/(-2)*494/13. Let l = x + c. What is the greatest common factor of l and 42?
14
Suppose 0 = -3*m + 4*w + 185, -382*w + 378*w = -2*m + 114. What is the highest common f